[INFO] fetching crate stm32f767-hal 0.2.0...
[INFO] checking stm32f767-hal-0.2.0 against master#cfbc6d4cf1acbac5c025acf8ed68929caa551df3 for pr-75494-beta
[INFO] extracting crate stm32f767-hal 0.2.0 into /workspace/builds/worker-4/source
[INFO] validating manifest of crates.io crate stm32f767-hal 0.2.0 on toolchain cfbc6d4cf1acbac5c025acf8ed68929caa551df3
[INFO] running `Command { std: "/workspace/cargo-home/bin/cargo" "+cfbc6d4cf1acbac5c025acf8ed68929caa551df3" "read-manifest" "--manifest-path" "Cargo.toml", kill_on_drop: false }`
[INFO] removed /workspace/builds/worker-4/source/.cargo/config
[INFO] started tweaking crates.io crate stm32f767-hal 0.2.0
[INFO] finished tweaking crates.io crate stm32f767-hal 0.2.0
[INFO] tweaked toml for crates.io crate stm32f767-hal 0.2.0 written to /workspace/builds/worker-4/source/Cargo.toml
[INFO] running `Command { std: "/workspace/cargo-home/bin/cargo" "+cfbc6d4cf1acbac5c025acf8ed68929caa551df3" "generate-lockfile" "--manifest-path" "Cargo.toml" "-Zno-index-update", kill_on_drop: false }`
[INFO] running `Command { std: "/workspace/cargo-home/bin/cargo" "+cfbc6d4cf1acbac5c025acf8ed68929caa551df3" "fetch" "--locked" "--manifest-path" "Cargo.toml", kill_on_drop: false }`
[INFO] [stderr]  Downloading crates ...
[INFO] [stderr]   Downloaded numtoa v0.0.7
[INFO] [stderr]   Downloaded ina260 v0.2.6
[INFO] [stderr]   Downloaded stm32f7 v0.2.3
[INFO] running `Command { std: "docker" "create" "-v" "/var/lib/crater-agent-workspace/builds/worker-4/target:/opt/rustwide/target:rw,Z" "-v" "/var/lib/crater-agent-workspace/builds/worker-4/source:/opt/rustwide/workdir:ro,Z" "-v" "/var/lib/crater-agent-workspace/cargo-home:/opt/rustwide/cargo-home:ro,Z" "-v" "/var/lib/crater-agent-workspace/rustup-home:/opt/rustwide/rustup-home:ro,Z" "-e" "SOURCE_DIR=/opt/rustwide/workdir" "-e" "CARGO_TARGET_DIR=/opt/rustwide/target" "-e" "CARGO_HOME=/opt/rustwide/cargo-home" "-e" "RUSTUP_HOME=/opt/rustwide/rustup-home" "-w" "/opt/rustwide/workdir" "-m" "1610612736" "--user" "0:0" "--network" "none" "rustops/crates-build-env@sha256:a636fd89d022f18117e1dc8fb37a0a009933cdbbe082814857f0e2024962d47c" "/opt/rustwide/cargo-home/bin/cargo" "+cfbc6d4cf1acbac5c025acf8ed68929caa551df3" "metadata" "--no-deps" "--format-version=1", kill_on_drop: false }`
[INFO] [stderr] WARNING: Your kernel does not support swap limit capabilities or the cgroup is not mounted. Memory limited without swap.
[INFO] [stdout] 854dc390eb41b53602cadf4b77035c16672ebaa0606f2a1b891b71ba49f2d3f6
[INFO] running `Command { std: "docker" "start" "-a" "854dc390eb41b53602cadf4b77035c16672ebaa0606f2a1b891b71ba49f2d3f6", kill_on_drop: false }`
[INFO] running `Command { std: "docker" "inspect" "854dc390eb41b53602cadf4b77035c16672ebaa0606f2a1b891b71ba49f2d3f6", kill_on_drop: false }`
[INFO] running `Command { std: "docker" "rm" "-f" "854dc390eb41b53602cadf4b77035c16672ebaa0606f2a1b891b71ba49f2d3f6", kill_on_drop: false }`
[INFO] [stdout] 854dc390eb41b53602cadf4b77035c16672ebaa0606f2a1b891b71ba49f2d3f6
[INFO] running `Command { std: "docker" "create" "-v" "/var/lib/crater-agent-workspace/builds/worker-4/target:/opt/rustwide/target:rw,Z" "-v" "/var/lib/crater-agent-workspace/builds/worker-4/source:/opt/rustwide/workdir:ro,Z" "-v" "/var/lib/crater-agent-workspace/cargo-home:/opt/rustwide/cargo-home:ro,Z" "-v" "/var/lib/crater-agent-workspace/rustup-home:/opt/rustwide/rustup-home:ro,Z" "-e" "SOURCE_DIR=/opt/rustwide/workdir" "-e" "CARGO_TARGET_DIR=/opt/rustwide/target" "-e" "CARGO_INCREMENTAL=0" "-e" "RUST_BACKTRACE=full" "-e" "RUSTFLAGS=--cap-lints=forbid" "-e" "CARGO_HOME=/opt/rustwide/cargo-home" "-e" "RUSTUP_HOME=/opt/rustwide/rustup-home" "-w" "/opt/rustwide/workdir" "-m" "1610612736" "--user" "0:0" "--network" "none" "rustops/crates-build-env@sha256:a636fd89d022f18117e1dc8fb37a0a009933cdbbe082814857f0e2024962d47c" "/opt/rustwide/cargo-home/bin/cargo" "+cfbc6d4cf1acbac5c025acf8ed68929caa551df3" "check" "--frozen" "--all" "--all-targets" "--message-format=json", kill_on_drop: false }`
[INFO] [stdout] 4f5ea6237314930e22d71153abf129eadd8ce0e3a5471997c532ae6198ace0d5
[INFO] [stderr] WARNING: Your kernel does not support swap limit capabilities or the cgroup is not mounted. Memory limited without swap.
[INFO] running `Command { std: "docker" "start" "-a" "4f5ea6237314930e22d71153abf129eadd8ce0e3a5471997c532ae6198ace0d5", kill_on_drop: false }`
[INFO] [stderr]    Compiling semver-parser v0.7.0
[INFO] [stderr]    Compiling typenum v1.12.0
[INFO] [stderr]    Compiling proc-macro2 v1.0.19
[INFO] [stderr]    Compiling unicode-xid v0.2.1
[INFO] [stderr]    Compiling syn v1.0.39
[INFO] [stderr]     Checking stable_deref_trait v1.2.0
[INFO] [stderr]    Compiling cortex-m v0.6.3
[INFO] [stderr]     Checking vcell v0.1.2
[INFO] [stderr]    Compiling cortex-m-rt v0.6.12
[INFO] [stderr]     Checking bitfield v0.13.2
[INFO] [stderr]    Compiling cortex-m v0.5.10
[INFO] [stderr]     Checking nb v1.0.0
[INFO] [stderr]     Checking r0 v0.2.2
[INFO] [stderr]    Compiling stm32f7 v0.2.3
[INFO] [stderr]     Checking void v1.0.2
[INFO] [stderr]     Checking aligned v0.2.0
[INFO] [stderr]     Checking panic-abort v0.2.0
[INFO] [stderr]     Checking numtoa v0.0.7
[INFO] [stdout] error[E0557]: feature has been removed
[INFO] [stdout]   --> /opt/rustwide/cargo-home/registry/src/github.com-1ecc6299db9ec823/panic-abort-0.2.0/src/lib.rs:22:12
[INFO] [stdout]    |
[INFO] [stdout] 22 | #![feature(panic_implementation)]
[INFO] [stdout]    |            ^^^^^^^^^^^^^^^^^^^^ feature has been removed
[INFO] [stdout]    |
[INFO] [stdout]    = note: subsumed by `#[panic_handler]`
[INFO] [stdout] 
[INFO] [stdout] 
[INFO] [stderr]     Checking nb v0.1.3
[INFO] [stdout] error: cannot find attribute `panic_implementation` in this scope
[INFO] [stdout]   --> /opt/rustwide/cargo-home/registry/src/github.com-1ecc6299db9ec823/panic-abort-0.2.0/src/lib.rs:28:3
[INFO] [stdout]    |
[INFO] [stdout] 28 | #[panic_implementation]
[INFO] [stdout]    |   ^^^^^^^^^^^^^^^^^^^^
[INFO] [stdout] 
[INFO] [stdout] 
[INFO] [stdout] error[E0554]: `#![feature]` may not be used on the beta release channel
[INFO] [stdout]   --> /opt/rustwide/cargo-home/registry/src/github.com-1ecc6299db9ec823/panic-abort-0.2.0/src/lib.rs:21:1
[INFO] [stdout]    |
[INFO] [stdout] 21 | #![feature(core_intrinsics)]
[INFO] [stdout]    | ^^^^^^^^^^^^^^^^^^^^^^^^^^^^
[INFO] [stdout] 
[INFO] [stdout] 
[INFO] [stdout] error[E0554]: `#![feature]` may not be used on the beta release channel
[INFO] [stdout]   --> /opt/rustwide/cargo-home/registry/src/github.com-1ecc6299db9ec823/panic-abort-0.2.0/src/lib.rs:22:1
[INFO] [stdout]    |
[INFO] [stdout] 22 | #![feature(panic_implementation)]
[INFO] [stdout]    | ^^^^^^^^^^^^^^^^^^^^^^^^^^^^^^^^^
[INFO] [stdout] 
[INFO] [stdout] 
[INFO] [stdout] error: aborting due to 4 previous errors
[INFO] [stdout] 
[INFO] [stdout] 
[INFO] [stdout] Some errors have detailed explanations: E0554, E0557.
[INFO] [stdout] 
[INFO] [stdout] For more information about an error, try `rustc --explain E0554`.
[INFO] [stdout] 
[INFO] [stderr] error: could not compile `panic-abort`.
[INFO] [stderr] 
[INFO] [stderr] To learn more, run the command again with --verbose.
[INFO] [stderr] warning: build failed, waiting for other jobs to finish...
[INFO] [stderr] error: build failed
[INFO] running `Command { std: "docker" "inspect" "4f5ea6237314930e22d71153abf129eadd8ce0e3a5471997c532ae6198ace0d5", kill_on_drop: false }`
[INFO] running `Command { std: "docker" "rm" "-f" "4f5ea6237314930e22d71153abf129eadd8ce0e3a5471997c532ae6198ace0d5", kill_on_drop: false }`
[INFO] [stdout] 4f5ea6237314930e22d71153abf129eadd8ce0e3a5471997c532ae6198ace0d5
